647 
CXUS53 KDMX 040433
CF6EST
PRELIMINARY LOCAL CLIMATOLOGICAL DATA (WS FORM: F-6)

                                          STATION:   ESTHERVILLE IA
                                          MONTH:     APRIL
                                          YEAR:      2014
                                          LATITUDE:   43 24 N                   
                                          LONGITUDE:  94 45 W                   

  TEMPERATURE IN F:       :PCPN:    SNOW:  WIND      :SUNSHINE: SKY     :PK WND 
================================================================================
1   2   3   4   5  6A  6B    7    8   9   10  11  12  13   14  15   16   17  18
                                     12Z  AVG MX 2MIN
DY MAX MIN AVG DEP HDD CDD  WTR  SNW DPTH SPD SPD DIR MIN PSBL S-S WX    SPD DR
================================================================================

 1  42  18  30 -10  35   0    T    M    M 19.1 40 300   M    M   5        51 300
 2  45  23  34  -7  31   0 0.03    M    M 13.7 24  70   M    M   7 18     28  70
 3  34  28  31 -10  34   0 0.26    M    M 16.1 26 360   M    M  10 126    33 350
 4  36  24  30 -12  35   0 0.01    M    M 20.2 32 330   M    M   6 128    39 330
 5  53  21  37  -5  28   0 0.00  0.0    M 13.8 26 180   M    M   0        31 170
 6  63  32  48   5  17   0 0.03  0.0    0 14.4 29 240   M    M   4 138    35 250
 7  61  37  49   6  16   0 0.04  0.0    0 11.2 32 350   M    M   5 18     40 350
 8  51  28  40  -4  25   0 0.00  0.0    0 13.8 24 330   M    M   4        35 350
 9  74  28  51   7  14   0 0.00  0.0    0 15.4 31 210   M    M   1        39 210
10  63  39  51   7  14   0 0.00  0.0    0 13.5 31 310   M    M   0        39 340
11  71  32  52   7  13   0 0.00  0.0    0 12.0 21 270   M    M   2        26 270
12  74  46  60  15   5   0 0.02  0.0    0 15.0 24 150   M    M   3 18     29 150
13  47  29  38  -8  27   0 0.06    M    0 24.2 35 350   M    M  10 12     44 350
14  38  23  31 -15  34   0 0.00  0.0    0 21.3 36 340   M    M   2        44 340
15  41  13  27 -20  38   0 0.00  0.0    0 11.4 23 120   M    M   2        28 120
16  56  28  42  -5  23   0 0.12    M    M 23.9 33 180   M    M   7 1      41 180
17  44  24  34 -14  31   0 0.00  0.0    0 13.7 30 330   M    M   6        38 330
18  62  25  44  -4  21   0 0.00  0.0    0 15.8 30 140   M    M   2 18     36 150
19  77  42  60  12   5   0 0.00  0.0    0 18.0 36 180   M    M   4        43 190
20  77  46  62  13   3   0 0.30  0.0    0  7.0 23 210   M    M   5 138    28 210
21  68  42  55   6  10   0 0.04  0.0    0 17.5 33 340   M    M   4 138    41 330
22  63  32  48  -2  17   0    T  0.0    0  8.6 16  30   M    M   2        20 100
23  50  42  46  -4  19   0 0.05  0.0    0 22.0 38 130   M    M   9 3      46 130
24  56  36  46  -4  19   0 0.29  0.0    0 12.6 29 130   M    M   6 1      36 130
25  71  34  53   2  12   0 0.00  0.0    0  9.1 20 310   M    M   2        24 310
26  67  38  53   2  12   0 0.00  0.0    0 20.4 33 110   M    M   3        45 110
27  52  41  47  -5  18   0 0.88  0.0    0 24.4 39  80   M    M   9 13     49  70
28  50  42  46  -6  19   0 0.21  0.0    0 22.9 35 110   M    M  10 1      44 100
29  42  35  39 -13  26   0 0.38    M    0 20.9 28  10   M    M  10 1      34 360
30  43  35  39 -14  26   0 0.08    M    M 19.4 28 330   M    M  10 1      32 350
================================================================================
SM 1671  963       627   0  2.80     0.0 491.3          M      150              
================================================================================
AV 55.7 32.1                              16.4 FASTST   M    M   5    MAX(MPH)  
                                 MISC ---->  # 40 300               # 51  300   
================================================================================
NOTES:
# LAST OF SEVERAL OCCURRENCES

COLUMN 17 PEAK WIND IN M.P.H.

PRELIMINARY LOCAL CLIMATOLOGICAL DATA (WS FORM: F-6) , PAGE 2

                                          STATION:  ESTHERVILLE IA
                                          MONTH:    APRIL
                                          YEAR:     2014
                                          LATITUDE:   43 24 N                   
                                          LONGITUDE:  94 45 W                   

[TEMPERATURE DATA]      [PRECIPITATION DATA]       SYMBOLS USED IN COLUMN 16    

AVERAGE MONTHLY: 43.9   TOTAL FOR MONTH:   2.80    1 = FOG OR MIST              
DPTR FM NORMAL:  -2.9   DPTR FM NORMAL:   -0.50    2 = FOG REDUCING VISIBILITY  
HIGHEST:    77 ON 20,19 GRTST 24HR  0.88 ON 27-27      TO 1/4 MILE OR LESS      
LOWEST:     13 ON 15                               3 = THUNDER                  
                        SNOW, ICE PELLETS, HAIL    4 = ICE PELLETS              
                        TOTAL MONTH:   0.0 INCH    5 = HAIL                     
                        GRTST 24HR     0.0         6 = FREEZING RAIN OR DRIZZLE 
                        GRTST DEPTH:   0           7 = DUSTSTORM OR SANDSTORM:  
                                                       VSBY 1/2 MILE OR LESS    
                                                   8 = SMOKE OR HAZE            
[NO. OF DAYS WITH]      [WEATHER - DAYS WITH]      9 = BLOWING SNOW             
                                                   X = TORNADO                  
MAX 32 OR BELOW:   0    0.01 INCH OR MORE:  16                                  
MAX 90 OR ABOVE:   0    0.10 INCH OR MORE:   7                                  
MIN 32 OR BELOW:  16    0.50 INCH OR MORE:   1                                  
MIN  0 OR BELOW:   0    1.00 INCH OR MORE:   0                                  

[HDD (BASE 65) ]                                                                
TOTAL THIS MO.   627    CLEAR  (SCALE 0-3)  11                                  
DPTR FM NORMAL    81    PTCLDY (SCALE 4-7)  12                                  
TOTAL FM JUL 1  8283    CLOUDY (SCALE 8-10)  7                                  
DPTR FM NORMAL   822                                                            

[CDD (BASE 65) ]                                                                
TOTAL THIS MO.     0                                                            
DPTR FM NORMAL    -2    [PRESSURE DATA]                                         
TOTAL FM JAN 1     0    HIGHEST SLP 30.35 ON 18                                 
DPTR FM NORMAL    -2    LOWEST  SLP 29.32 ON 27                                 

[REMARKS]
#FINAL-04-14#